{"id":814,"date":"2025-12-12T14:04:55","date_gmt":"2025-12-12T14:04:55","guid":{"rendered":"https:\/\/fototage.heimat.co\/?page_id=814"},"modified":"2025-12-15T11:10:40","modified_gmt":"2025-12-15T11:10:40","slug":"live-reportagen","status":"publish","type":"page","link":"https:\/\/fototage.heimat.co\/?page_id=814","title":{"rendered":"Live-Reportagen"},"content":{"rendered":"\t\t<div data-elementor-type=\"wp-page\" data-elementor-id=\"814\" class=\"elementor elementor-814\" data-elementor-post-type=\"page\">\n\t\t\t\t<div class=\"elementor-element elementor-element-767968d5 e-con-full e-flex e-con e-parent\" data-id=\"767968d5\" data-element_type=\"container\" data-settings=\"{&quot;background_background&quot;:&quot;slideshow&quot;,&quot;background_slideshow_gallery&quot;:[{&quot;id&quot;:624,&quot;url&quot;:&quot;https:\\\/\\\/fototage.heimat.co\\\/wp-content\\\/uploads\\\/2025\\\/09\\\/Hintergrundbild-Fototage-Freinsheim.jpg&quot;}],&quot;background_slideshow_slide_duration&quot;:4000,&quot;background_slideshow_loop&quot;:&quot;yes&quot;,&quot;background_slideshow_slide_transition&quot;:&quot;fade&quot;,&quot;background_slideshow_transition_duration&quot;:500}\">\n\t\t\t\t<div class=\"elementor-element elementor-element-35b99373 elementor-invisible elementor-widget elementor-widget-heading\" data-id=\"35b99373\" data-element_type=\"widget\" data-settings=\"{&quot;_animation&quot;:&quot;slideInUp&quot;}\" data-widget_type=\"heading.default\">\n\t\t\t\t\t<h1 class=\"elementor-heading-title elementor-size-default\">Live-Reportagen<\/h1>\t\t\t\t<\/div>\n\t\t\t\t<\/div>\n\t\t<div class=\"elementor-element elementor-element-3498cda2 e-con-full e-flex e-con e-parent\" data-id=\"3498cda2\" data-element_type=\"container\">\n\t\t<div class=\"elementor-element elementor-element-badb3c e-con-full e-flex e-con e-child\" data-id=\"badb3c\" data-element_type=\"container\">\n\t\t\t\t<div class=\"elementor-element elementor-element-7afcc6a4 elementor-cta--skin-classic elementor-animated-content elementor-bg-transform elementor-bg-transform-zoom-in elementor-widget elementor-widget-call-to-action\" data-id=\"7afcc6a4\" data-element_type=\"widget\" data-widget_type=\"call-to-action.default\">\n\t\t\t\t\t\t\t<div class=\"elementor-cta\">\n\t\t\t\t\t<div class=\"elementor-cta__bg-wrapper\">\n\t\t\t\t<div class=\"elementor-cta__bg elementor-bg\" style=\"background-image: url(https:\/\/fototage.heimat.co\/wp-content\/uploads\/2025\/11\/6.-Fototage-Freinsheim-25.jpg);\" role=\"img\" aria-label=\"6.-Fototage-Freinsheim-25\"><\/div>\n\t\t\t\t<div class=\"elementor-cta__bg-overlay\"><\/div>\n\t\t\t<\/div>\n\t\t\t\t\t\t\t\t<\/div>\n\t\t\t\t\t\t<\/div>\n\t\t\t\t<\/div>\n\t\t<div class=\"elementor-element elementor-element-625d6759 e-con-full e-flex e-con e-child\" data-id=\"625d6759\" data-element_type=\"container\" data-settings=\"{&quot;background_background&quot;:&quot;classic&quot;}\">\n\t\t\t\t<div class=\"elementor-element elementor-element-9372fa0 elementor-widget elementor-widget-icon-box\" data-id=\"9372fa0\" data-element_type=\"widget\" data-widget_type=\"icon-box.default\">\n\t\t\t\t\t\t\t<div class=\"elementor-icon-box-wrapper\">\n\n\t\t\t\n\t\t\t\t\t\t<div class=\"elementor-icon-box-content\">\n\n\t\t\t\t\t\t\t\t\t<h2 class=\"elementor-icon-box-title\">\n\t\t\t\t\t\t<span  >\n\t\t\t\t\t\t\tMultivisionsshows\t\t\t\t\t\t<\/span>\n\t\t\t\t\t<\/h2>\n\t\t\t\t\n\t\t\t\t\n\t\t\t<\/div>\n\t\t\t\n\t\t<\/div>\n\t\t\t\t\t\t<\/div>\n\t\t\t\t<div class=\"elementor-element elementor-element-3863755 elementor-widget elementor-widget-text-editor\" data-id=\"3863755\" data-element_type=\"widget\" data-widget_type=\"text-editor.default\">\n\t\t\t\t\t\t\t\t\t<p>auch dieses Jahr haben wir euch auf eine bildgewaltige Reise auf der Gro\u00dfleinwand \u00fcber die ganze Erde mitgenommen.<\/p><p>Zu den 7. Fototagen Freinsheim 2026 k\u00f6nnt ihr euch u.a. auf Fabian Gebert, Rainer Harscher und Katja &amp; Josef Niedermeier (Focuswelten) freuen!<\/p>\t\t\t\t\t\t\t\t<\/div>\n\t\t\t\t<\/div>\n\t\t\t\t<\/div>\n\t\t<div class=\"elementor-element elementor-element-25479fd e-con-full e-flex e-con e-parent\" data-id=\"25479fd\" data-element_type=\"container\">\n\t\t<div class=\"elementor-element elementor-element-e3ba368 e-con-full e-flex e-con e-child\" data-id=\"e3ba368\" data-element_type=\"container\" data-settings=\"{&quot;background_background&quot;:&quot;classic&quot;}\">\n\t\t\t\t<div class=\"elementor-element elementor-element-d3f4d4e elementor-widget elementor-widget-icon-box\" data-id=\"d3f4d4e\" data-element_type=\"widget\" data-widget_type=\"icon-box.default\">\n\t\t\t\t\t\t\t<div class=\"elementor-icon-box-wrapper\">\n\n\t\t\t\n\t\t\t\t\t\t<div class=\"elementor-icon-box-content\">\n\n\t\t\t\t\t\t\t\t\t<h2 class=\"elementor-icon-box-title\">\n\t\t\t\t\t\t<span  >\n\t\t\t\t\t\t\t47 Summits: Gipfelreise durch die 47 L\u00e4nder Europas\t\t\t\t\t\t<\/span>\n\t\t\t\t\t<\/h2>\n\t\t\t\t\n\t\t\t\t\n\t\t\t<\/div>\n\t\t\t\n\t\t<\/div>\n\t\t\t\t\t\t<\/div>\n\t\t\t\t<div class=\"elementor-element elementor-element-ed8ad45 elementor-widget elementor-widget-text-editor\" data-id=\"ed8ad45\" data-element_type=\"widget\" data-widget_type=\"text-editor.default\">\n\t\t\t\t\t\t\t\t\t<p>Die Fotografin Ulla Lohmann und der Alpinist Basti Hofmann wollen einen neuen Geschwindigkeits-Rekord im Besteigen des h\u00f6chsten Berges jedes europ\u00e4ischen Landes aufstellen. Auf ihrer Reise merken sie, dass es nicht das \u201cSchneller-H\u00f6her-Weiter\u201d ist, was z\u00e4hlt.<br \/>Ein Vortrag \u00fcber die Suche nach dem Abenteuer und \u00fcber die Vielf\u00e4ltigkeit unseres Kontinentes und deren Bewohner.<\/p><p>\u00a0<\/p>\t\t\t\t\t\t\t\t<\/div>\n\t\t\t\t<\/div>\n\t\t<div class=\"elementor-element elementor-element-1361c53 e-con-full e-flex e-con e-child\" data-id=\"1361c53\" data-element_type=\"container\">\n\t\t\t\t<div class=\"elementor-element elementor-element-d7ad789 elementor-cta--skin-classic elementor-animated-content elementor-bg-transform elementor-bg-transform-zoom-in elementor-widget elementor-widget-call-to-action\" data-id=\"d7ad789\" data-element_type=\"widget\" data-widget_type=\"call-to-action.default\">\n\t\t\t\t\t\t\t<div class=\"elementor-cta\">\n\t\t\t\t\t<div class=\"elementor-cta__bg-wrapper\">\n\t\t\t\t<div class=\"elementor-cta__bg elementor-bg\" style=\"background-image: url(https:\/\/fototage.heimat.co\/wp-content\/uploads\/2025\/01\/cropped-Titelbild-Ulla-Lohmann-Montenegro_Zla-Koloata.jpeg);\" role=\"img\" aria-label=\"cropped-Titelbild-Ulla-Lohmann-Montenegro_Zla-Koloata\"><\/div>\n\t\t\t\t<div class=\"elementor-cta__bg-overlay\"><\/div>\n\t\t\t<\/div>\n\t\t\t\t\t\t\t\t<\/div>\n\t\t\t\t\t\t<\/div>\n\t\t\t\t<\/div>\n\t\t\t\t<\/div>\n\t\t<div class=\"elementor-element elementor-element-33c8e22 e-con-full e-flex e-con e-parent\" data-id=\"33c8e22\" data-element_type=\"container\">\n\t\t<div class=\"elementor-element elementor-element-998514f e-con-full e-flex e-con e-child\" data-id=\"998514f\" data-element_type=\"container\">\n\t\t\t\t<div class=\"elementor-element elementor-element-48eb05c elementor-cta--skin-classic elementor-animated-content elementor-bg-transform elementor-bg-transform-zoom-in elementor-widget elementor-widget-call-to-action\" data-id=\"48eb05c\" data-element_type=\"widget\" data-widget_type=\"call-to-action.default\">\n\t\t\t\t\t\t\t<div class=\"elementor-cta\">\n\t\t\t\t\t<div class=\"elementor-cta__bg-wrapper\">\n\t\t\t\t<div class=\"elementor-cta__bg elementor-bg\" style=\"background-image: url(https:\/\/fototage.heimat.co\/wp-content\/uploads\/2025\/05\/Gross-Cumulonimbus-pileus.jpeg);\" role=\"img\" aria-label=\"Gross-Cumulonimbus-pileus\"><\/div>\n\t\t\t\t<div class=\"elementor-cta__bg-overlay\"><\/div>\n\t\t\t<\/div>\n\t\t\t\t\t\t\t\t<\/div>\n\t\t\t\t\t\t<\/div>\n\t\t\t\t<\/div>\n\t\t<div class=\"elementor-element elementor-element-2b6efb6 e-con-full e-flex e-con e-child\" data-id=\"2b6efb6\" data-element_type=\"container\" data-settings=\"{&quot;background_background&quot;:&quot;classic&quot;}\">\n\t\t\t\t<div class=\"elementor-element elementor-element-368f580 elementor-widget elementor-widget-icon-box\" data-id=\"368f580\" data-element_type=\"widget\" data-widget_type=\"icon-box.default\">\n\t\t\t\t\t\t\t<div class=\"elementor-icon-box-wrapper\">\n\n\t\t\t\n\t\t\t\t\t\t<div class=\"elementor-icon-box-content\">\n\n\t\t\t\t\t\t\t\t\t<h2 class=\"elementor-icon-box-title\">\n\t\t\t\t\t\t<span  >\n\t\t\t\t\t\t\tWolken verstehen und erleben\t\t\t\t\t\t<\/span>\n\t\t\t\t\t<\/h2>\n\t\t\t\t\n\t\t\t\t\n\t\t\t<\/div>\n\t\t\t\n\t\t<\/div>\n\t\t\t\t\t\t<\/div>\n\t\t\t\t<div class=\"elementor-element elementor-element-c4d1f6e elementor-widget elementor-widget-text-editor\" data-id=\"c4d1f6e\" data-element_type=\"widget\" data-widget_type=\"text-editor.default\">\n\t\t\t\t\t\t\t\t\t<p>Du bekommst in diesem Vortrag zun\u00e4chst einen \u00dcberblick \u00fcber die Bedeutung der unterschiedlichen Wolken. Speziell ungew\u00f6hnliche Formen und Gewitter sind dabei ein Schwerpunkt. Du erf\u00e4hrst, zu welcher Zeit und in welcher Region in Deutschland Du die besten Voraussetzungen f\u00fcrs Fotografieren bestimmter Wolkenformen hast. Der Vortrag gibt au\u00dferdem Informationen dar\u00fcber, wie sich diese Himmelsph\u00e4nomene im Rahmen der Klimaerw\u00e4rmung ver\u00e4ndern: Was wird h\u00e4ufiger, und was bekommen wir wohl nicht mehr so oft zu Gesicht.<\/p><p>\u00a0<\/p>\t\t\t\t\t\t\t\t<\/div>\n\t\t\t\t<\/div>\n\t\t\t\t<\/div>\n\t\t<div class=\"elementor-element elementor-element-bd731fa e-con-full e-flex e-con e-parent\" data-id=\"bd731fa\" data-element_type=\"container\">\n\t\t<div class=\"elementor-element elementor-element-2dd54d7 e-con-full e-flex e-con e-child\" data-id=\"2dd54d7\" data-element_type=\"container\" data-settings=\"{&quot;background_background&quot;:&quot;classic&quot;}\">\n\t\t\t\t<div class=\"elementor-element elementor-element-d61b827 elementor-widget elementor-widget-icon-box\" data-id=\"d61b827\" data-element_type=\"widget\" data-widget_type=\"icon-box.default\">\n\t\t\t\t\t\t\t<div class=\"elementor-icon-box-wrapper\">\n\n\t\t\t\n\t\t\t\t\t\t<div class=\"elementor-icon-box-content\">\n\n\t\t\t\t\t\t\t\t\t<h2 class=\"elementor-icon-box-title\">\n\t\t\t\t\t\t<span  >\n\t\t\t\t\t\t\tDeutschlands wilde W\u00f6lfe\t\t\t\t\t\t<\/span>\n\t\t\t\t\t<\/h2>\n\t\t\t\t\n\t\t\t\t\n\t\t\t<\/div>\n\t\t\t\n\t\t<\/div>\n\t\t\t\t\t\t<\/div>\n\t\t\t\t<div class=\"elementor-element elementor-element-fc0201a elementor-widget elementor-widget-text-editor\" data-id=\"fc0201a\" data-element_type=\"widget\" data-widget_type=\"text-editor.default\">\n\t\t\t\t\t\t\t\t\t<p>Gef\u00fcrchtet, gejagt, ausgemerzt! Jahrhundertelang wurden W\u00f6lfe bei uns als Viehdiebe und Jagdkonkurrenten verfolgt, bis sie schlie\u00dflich ausgerottet waren. Sp\u00e4testens seit der Wolf im M\u00e4rchen Rotk\u00e4ppchen verschlungen hat, ist sein Ruf ruiniert. Die R\u00fcckkehr der W\u00f6lfe ist deshalb eine enorme Herausforderung, gleichzeitig aber auch ein gro\u00dfer Erfolg f\u00fcr den Artenschutz. Inzwischen w\u00e4chst der Bestand der Tiere, und jedes Jahr machen sich junge W\u00f6lfe auf die Suche nach neuen Revieren. Immer mehr Menschen werden in Zukunft wieder in Nachbarschaft der Raubtiere leben. Ist das ein Grund zur Sorge? Wie verhalten sich Deutschlands wilde W\u00f6lfe? Welche Probleme gibt es und wie kann eine Nachbarschaft von Mensch und Wolf gelingen? Von und mit Axel Gomille.<\/p><p>\u00a0<\/p>\t\t\t\t\t\t\t\t<\/div>\n\t\t\t\t<\/div>\n\t\t<div class=\"elementor-element elementor-element-e7209fe e-con-full e-flex e-con e-child\" data-id=\"e7209fe\" data-element_type=\"container\">\n\t\t\t\t<div class=\"elementor-element elementor-element-830cd05 elementor-cta--skin-classic elementor-animated-content elementor-bg-transform elementor-bg-transform-zoom-in elementor-widget elementor-widget-call-to-action\" data-id=\"830cd05\" data-element_type=\"widget\" data-widget_type=\"call-to-action.default\">\n\t\t\t\t\t\t\t<div class=\"elementor-cta\">\n\t\t\t\t\t<div class=\"elementor-cta__bg-wrapper\">\n\t\t\t\t<div class=\"elementor-cta__bg elementor-bg\" style=\"background-image: url(https:\/\/fototage.heimat.co\/wp-content\/uploads\/2025\/05\/gomille7634-wildwolf-kos5-800-online.jpg);\" role=\"img\" aria-label=\"gomille7634-wildwolf-kos5-800-online\"><\/div>\n\t\t\t\t<div class=\"elementor-cta__bg-overlay\"><\/div>\n\t\t\t<\/div>\n\t\t\t\t\t\t\t\t<\/div>\n\t\t\t\t\t\t<\/div>\n\t\t\t\t<\/div>\n\t\t\t\t<\/div>\n\t\t<div class=\"elementor-element elementor-element-036bd95 e-con-full e-flex e-con e-parent\" data-id=\"036bd95\" data-element_type=\"container\">\n\t\t<div class=\"elementor-element elementor-element-021584b e-con-full e-flex e-con e-child\" data-id=\"021584b\" data-element_type=\"container\">\n\t\t\t\t<div class=\"elementor-element elementor-element-ac4f9df elementor-cta--skin-classic elementor-animated-content elementor-bg-transform elementor-bg-transform-zoom-in elementor-widget elementor-widget-call-to-action\" data-id=\"ac4f9df\" data-element_type=\"widget\" data-widget_type=\"call-to-action.default\">\n\t\t\t\t\t\t\t<div class=\"elementor-cta\">\n\t\t\t\t\t<div class=\"elementor-cta__bg-wrapper\">\n\t\t\t\t<div class=\"elementor-cta__bg elementor-bg\" style=\"background-image: url(https:\/\/fototage.heimat.co\/wp-content\/uploads\/2025\/05\/Gross-\u00a9-Dieter-Schonlau-Dschungelleben-13.jpeg);\" role=\"img\" aria-label=\"Gross-\u00a9-Dieter-Schonlau-Dschungelleben-13\"><\/div>\n\t\t\t\t<div class=\"elementor-cta__bg-overlay\"><\/div>\n\t\t\t<\/div>\n\t\t\t\t\t\t\t\t<\/div>\n\t\t\t\t\t\t<\/div>\n\t\t\t\t<\/div>\n\t\t<div class=\"elementor-element elementor-element-c87ded8 e-con-full e-flex e-con e-child\" data-id=\"c87ded8\" data-element_type=\"container\" data-settings=\"{&quot;background_background&quot;:&quot;classic&quot;}\">\n\t\t\t\t<div class=\"elementor-element elementor-element-a1cd721 elementor-widget elementor-widget-icon-box\" data-id=\"a1cd721\" data-element_type=\"widget\" data-widget_type=\"icon-box.default\">\n\t\t\t\t\t\t\t<div class=\"elementor-icon-box-wrapper\">\n\n\t\t\t\n\t\t\t\t\t\t<div class=\"elementor-icon-box-content\">\n\n\t\t\t\t\t\t\t\t\t<h2 class=\"elementor-icon-box-title\">\n\t\t\t\t\t\t<span  >\n\t\t\t\t\t\t\tDschungelleben \u2013 Ein Lebenstraum\t\t\t\t\t\t<\/span>\n\t\t\t\t\t<\/h2>\n\t\t\t\t\n\t\t\t\t\n\t\t\t<\/div>\n\t\t\t\n\t\t<\/div>\n\t\t\t\t\t\t<\/div>\n\t\t\t\t<div class=\"elementor-element elementor-element-4f1c1ad elementor-widget elementor-widget-text-editor\" data-id=\"4f1c1ad\" data-element_type=\"widget\" data-widget_type=\"text-editor.default\">\n\t\t\t\t\t\t\t\t\tNational Geographic Fotograf Dieter Schonlau und Sandra Hanke sind auf ihren Expeditionen den Geheimnissen der Regenw\u00e4lder auf der Spur. Sie dokumentieren die Artenvielfalt und beeindrucken mit ihren spektakul\u00e4ren Bildern selbst Wissenschaftler. In ihrer Reportage geben sie Einblicke in eine verborgene Wunderwelt, in der leuchtende Pilze wachsen, fliegende Fr\u00f6sche leben und Insekten wie Bl\u00fcten aussehen.\t\t\t\t\t\t\t\t<\/div>\n\t\t\t\t<\/div>\n\t\t\t\t<\/div>\n\t\t\t\t<\/div>\n\t\t","protected":false},"excerpt":{"rendered":"<p>Live-Reportagen Multivisionsshows auch dieses Jahr haben wir euch auf eine bildgewaltige Reise auf der Gro\u00dfleinwand \u00fcber die ganze Erde mitgenommen. Zu den 7. Fototagen Freinsheim 2026 k\u00f6nnt ihr euch u.a. auf Fabian Gebert, Rainer Harscher und Katja &amp; Josef Niedermeier (Focuswelten) freuen! 47 Summits: Gipfelreise durch die 47 L\u00e4nder Europas Die Fotografin Ulla Lohmann und [&hellip;]<\/p>\n","protected":false},"author":1,"featured_media":99,"parent":0,"menu_order":0,"comment_status":"closed","ping_status":"closed","template":"elementor_header_footer","meta":{"footnotes":""},"class_list":["post-814","page","type-page","status-publish","has-post-thumbnail","hentry"],"yoast_head":"<!-- This site is optimized with the Yoast SEO plugin v26.5 - https:\/\/yoast.com\/wordpress\/plugins\/seo\/ -->\n<title>Live-Reportagen - Fototage Freinsheim - DAS Fotofestival der Pfalz<\/title>\n<meta name=\"robots\" content=\"noindex, follow, max-snippet:-1, max-image-preview:large, max-video-preview:-1\" \/>\n<meta property=\"og:locale\" content=\"de_DE\" \/>\n<meta property=\"og:type\" content=\"article\" \/>\n<meta property=\"og:title\" content=\"Live-Reportagen - Fototage Freinsheim - DAS Fotofestival der Pfalz\" \/>\n<meta property=\"og:description\" content=\"Live-Reportagen Multivisionsshows auch dieses Jahr haben wir euch auf eine bildgewaltige Reise auf der Gro\u00dfleinwand \u00fcber die ganze Erde mitgenommen. Zu den 7. Fototagen Freinsheim 2026 k\u00f6nnt ihr euch u.a. auf Fabian Gebert, Rainer Harscher und Katja &amp; Josef Niedermeier (Focuswelten) freuen! 47 Summits: Gipfelreise durch die 47 L\u00e4nder Europas Die Fotografin Ulla Lohmann und [&hellip;]\" \/>\n<meta property=\"og:url\" content=\"https:\/\/fototage.heimat.co\/?page_id=814\" \/>\n<meta property=\"og:site_name\" content=\"Fototage Freinsheim - DAS Fotofestival der Pfalz\" \/>\n<meta property=\"article:modified_time\" content=\"2025-12-15T11:10:40+00:00\" \/>\n<meta property=\"og:image\" content=\"https:\/\/fototage.heimat.co\/wp-content\/uploads\/2025\/12\/Handmade-Kid-Shop-Home.jpg\" \/>\n\t<meta property=\"og:image:width\" content=\"400\" \/>\n\t<meta property=\"og:image:height\" content=\"380\" \/>\n\t<meta property=\"og:image:type\" content=\"image\/jpeg\" \/>\n<meta name=\"twitter:card\" content=\"summary_large_image\" \/>\n<meta name=\"twitter:label1\" content=\"Gesch\u00e4tzte Lesezeit\" \/>\n\t<meta name=\"twitter:data1\" content=\"2\u00a0Minuten\" \/>\n<script type=\"application\/ld+json\" class=\"yoast-schema-graph\">{\"@context\":\"https:\/\/schema.org\",\"@graph\":[{\"@type\":\"WebPage\",\"@id\":\"https:\/\/fototage.heimat.co\/?page_id=814\",\"url\":\"https:\/\/fototage.heimat.co\/?page_id=814\",\"name\":\"Live-Reportagen - Fototage Freinsheim - DAS Fotofestival der Pfalz\",\"isPartOf\":{\"@id\":\"https:\/\/fototage.heimat.co\/#website\"},\"primaryImageOfPage\":{\"@id\":\"https:\/\/fototage.heimat.co\/?page_id=814#primaryimage\"},\"image\":{\"@id\":\"https:\/\/fototage.heimat.co\/?page_id=814#primaryimage\"},\"thumbnailUrl\":\"https:\/\/fototage.heimat.co\/wp-content\/uploads\/2025\/12\/Handmade-Kid-Shop-Home.jpg\",\"datePublished\":\"2025-12-12T14:04:55+00:00\",\"dateModified\":\"2025-12-15T11:10:40+00:00\",\"breadcrumb\":{\"@id\":\"https:\/\/fototage.heimat.co\/?page_id=814#breadcrumb\"},\"inLanguage\":\"de\",\"potentialAction\":[{\"@type\":\"ReadAction\",\"target\":[\"https:\/\/fototage.heimat.co\/?page_id=814\"]}]},{\"@type\":\"ImageObject\",\"inLanguage\":\"de\",\"@id\":\"https:\/\/fototage.heimat.co\/?page_id=814#primaryimage\",\"url\":\"https:\/\/fototage.heimat.co\/wp-content\/uploads\/2025\/12\/Handmade-Kid-Shop-Home.jpg\",\"contentUrl\":\"https:\/\/fototage.heimat.co\/wp-content\/uploads\/2025\/12\/Handmade-Kid-Shop-Home.jpg\",\"width\":400,\"height\":380},{\"@type\":\"BreadcrumbList\",\"@id\":\"https:\/\/fototage.heimat.co\/?page_id=814#breadcrumb\",\"itemListElement\":[{\"@type\":\"ListItem\",\"position\":1,\"name\":\"Startseite\",\"item\":\"https:\/\/fototage.heimat.co\/\"},{\"@type\":\"ListItem\",\"position\":2,\"name\":\"Live-Reportagen\"}]},{\"@type\":\"WebSite\",\"@id\":\"https:\/\/fototage.heimat.co\/#website\",\"url\":\"https:\/\/fototage.heimat.co\/\",\"name\":\"Fototage Freinsheim - DAS Fotofestival der Pfalz\",\"description\":\"Fototage Freinsheim - DAS Fotofestival der Pfalz\",\"publisher\":{\"@id\":\"https:\/\/fototage.heimat.co\/#organization\"},\"potentialAction\":[{\"@type\":\"SearchAction\",\"target\":{\"@type\":\"EntryPoint\",\"urlTemplate\":\"https:\/\/fototage.heimat.co\/?s={search_term_string}\"},\"query-input\":{\"@type\":\"PropertyValueSpecification\",\"valueRequired\":true,\"valueName\":\"search_term_string\"}}],\"inLanguage\":\"de\"},{\"@type\":\"Organization\",\"@id\":\"https:\/\/fototage.heimat.co\/#organization\",\"name\":\"Fototage Freinsheim - DAS Fotofestival der Pfalz\",\"url\":\"https:\/\/fototage.heimat.co\/\",\"logo\":{\"@type\":\"ImageObject\",\"inLanguage\":\"de\",\"@id\":\"https:\/\/fototage.heimat.co\/#\/schema\/logo\/image\/\",\"url\":\"https:\/\/fototage.heimat.co\/wp-content\/uploads\/2023\/03\/cropped-Icon-Fototage-Freinsheim-1.png\",\"contentUrl\":\"https:\/\/fototage.heimat.co\/wp-content\/uploads\/2023\/03\/cropped-Icon-Fototage-Freinsheim-1.png\",\"width\":512,\"height\":512,\"caption\":\"Fototage Freinsheim - DAS Fotofestival der Pfalz\"},\"image\":{\"@id\":\"https:\/\/fototage.heimat.co\/#\/schema\/logo\/image\/\"}}]}<\/script>\n<!-- \/ Yoast SEO plugin. -->","yoast_head_json":{"title":"Live-Reportagen - Fototage Freinsheim - DAS Fotofestival der Pfalz","robots":{"index":"noindex","follow":"follow","max-snippet":"max-snippet:-1","max-image-preview":"max-image-preview:large","max-video-preview":"max-video-preview:-1"},"og_locale":"de_DE","og_type":"article","og_title":"Live-Reportagen - Fototage Freinsheim - DAS Fotofestival der Pfalz","og_description":"Live-Reportagen Multivisionsshows auch dieses Jahr haben wir euch auf eine bildgewaltige Reise auf der Gro\u00dfleinwand \u00fcber die ganze Erde mitgenommen. Zu den 7. Fototagen Freinsheim 2026 k\u00f6nnt ihr euch u.a. auf Fabian Gebert, Rainer Harscher und Katja &amp; Josef Niedermeier (Focuswelten) freuen! 47 Summits: Gipfelreise durch die 47 L\u00e4nder Europas Die Fotografin Ulla Lohmann und [&hellip;]","og_url":"https:\/\/fototage.heimat.co\/?page_id=814","og_site_name":"Fototage Freinsheim - DAS Fotofestival der Pfalz","article_modified_time":"2025-12-15T11:10:40+00:00","og_image":[{"width":400,"height":380,"url":"https:\/\/fototage.heimat.co\/wp-content\/uploads\/2025\/12\/Handmade-Kid-Shop-Home.jpg","type":"image\/jpeg"}],"twitter_card":"summary_large_image","twitter_misc":{"Gesch\u00e4tzte Lesezeit":"2\u00a0Minuten"},"schema":{"@context":"https:\/\/schema.org","@graph":[{"@type":"WebPage","@id":"https:\/\/fototage.heimat.co\/?page_id=814","url":"https:\/\/fototage.heimat.co\/?page_id=814","name":"Live-Reportagen - Fototage Freinsheim - DAS Fotofestival der Pfalz","isPartOf":{"@id":"https:\/\/fototage.heimat.co\/#website"},"primaryImageOfPage":{"@id":"https:\/\/fototage.heimat.co\/?page_id=814#primaryimage"},"image":{"@id":"https:\/\/fototage.heimat.co\/?page_id=814#primaryimage"},"thumbnailUrl":"https:\/\/fototage.heimat.co\/wp-content\/uploads\/2025\/12\/Handmade-Kid-Shop-Home.jpg","datePublished":"2025-12-12T14:04:55+00:00","dateModified":"2025-12-15T11:10:40+00:00","breadcrumb":{"@id":"https:\/\/fototage.heimat.co\/?page_id=814#breadcrumb"},"inLanguage":"de","potentialAction":[{"@type":"ReadAction","target":["https:\/\/fototage.heimat.co\/?page_id=814"]}]},{"@type":"ImageObject","inLanguage":"de","@id":"https:\/\/fototage.heimat.co\/?page_id=814#primaryimage","url":"https:\/\/fototage.heimat.co\/wp-content\/uploads\/2025\/12\/Handmade-Kid-Shop-Home.jpg","contentUrl":"https:\/\/fototage.heimat.co\/wp-content\/uploads\/2025\/12\/Handmade-Kid-Shop-Home.jpg","width":400,"height":380},{"@type":"BreadcrumbList","@id":"https:\/\/fototage.heimat.co\/?page_id=814#breadcrumb","itemListElement":[{"@type":"ListItem","position":1,"name":"Startseite","item":"https:\/\/fototage.heimat.co\/"},{"@type":"ListItem","position":2,"name":"Live-Reportagen"}]},{"@type":"WebSite","@id":"https:\/\/fototage.heimat.co\/#website","url":"https:\/\/fototage.heimat.co\/","name":"Fototage Freinsheim - DAS Fotofestival der Pfalz","description":"Fototage Freinsheim - DAS Fotofestival der Pfalz","publisher":{"@id":"https:\/\/fototage.heimat.co\/#organization"},"potentialAction":[{"@type":"SearchAction","target":{"@type":"EntryPoint","urlTemplate":"https:\/\/fototage.heimat.co\/?s={search_term_string}"},"query-input":{"@type":"PropertyValueSpecification","valueRequired":true,"valueName":"search_term_string"}}],"inLanguage":"de"},{"@type":"Organization","@id":"https:\/\/fototage.heimat.co\/#organization","name":"Fototage Freinsheim - DAS Fotofestival der Pfalz","url":"https:\/\/fototage.heimat.co\/","logo":{"@type":"ImageObject","inLanguage":"de","@id":"https:\/\/fototage.heimat.co\/#\/schema\/logo\/image\/","url":"https:\/\/fototage.heimat.co\/wp-content\/uploads\/2023\/03\/cropped-Icon-Fototage-Freinsheim-1.png","contentUrl":"https:\/\/fototage.heimat.co\/wp-content\/uploads\/2023\/03\/cropped-Icon-Fototage-Freinsheim-1.png","width":512,"height":512,"caption":"Fototage Freinsheim - DAS Fotofestival der Pfalz"},"image":{"@id":"https:\/\/fototage.heimat.co\/#\/schema\/logo\/image\/"}}]}},"_links":{"self":[{"href":"https:\/\/fototage.heimat.co\/index.php?rest_route=\/wp\/v2\/pages\/814","targetHints":{"allow":["GET"]}}],"collection":[{"href":"https:\/\/fototage.heimat.co\/index.php?rest_route=\/wp\/v2\/pages"}],"about":[{"href":"https:\/\/fototage.heimat.co\/index.php?rest_route=\/wp\/v2\/types\/page"}],"author":[{"embeddable":true,"href":"https:\/\/fototage.heimat.co\/index.php?rest_route=\/wp\/v2\/users\/1"}],"replies":[{"embeddable":true,"href":"https:\/\/fototage.heimat.co\/index.php?rest_route=%2Fwp%2Fv2%2Fcomments&post=814"}],"version-history":[{"count":13,"href":"https:\/\/fototage.heimat.co\/index.php?rest_route=\/wp\/v2\/pages\/814\/revisions"}],"predecessor-version":[{"id":935,"href":"https:\/\/fototage.heimat.co\/index.php?rest_route=\/wp\/v2\/pages\/814\/revisions\/935"}],"wp:featuredmedia":[{"embeddable":true,"href":"https:\/\/fototage.heimat.co\/index.php?rest_route=\/wp\/v2\/media\/99"}],"wp:attachment":[{"href":"https:\/\/fototage.heimat.co\/index.php?rest_route=%2Fwp%2Fv2%2Fmedia&parent=814"}],"curies":[{"name":"wp","href":"https:\/\/api.w.org\/{rel}","templated":true}]}}